 - -25)) - -10?
9
Calculate 15 + (-4 - 5) - (2 + 12).
-8
(-26 - -34) + (1 - 16 - -2)
-5
(56 - 12 - 10 - 18) + 16
32
Evaluate -1 + (-1 - 7) - (-9 - -85 - 76).
-9
Evaluate 8 - (-22 + 20 + (-3 + 2 - -14)).
-3
1 - -13 - (6 + (-7 - (1 + -3)))
13
What is -24 + -1 - (-76 + 83 + (3 - 15))?
-20
What is the value of (-6 - -14) + -12 + 13 - -16?
25
What is the value of 20 + 5 + -25 + 22?
22
Evaluate 1 - (-1 - 5 - (51 + -62)).
-4
Evaluate -10 + 8 + 4 + (-1 - 3).
-2
Calculate 8 + -16 + -10 + 13.
-5
What is 0 + (-7 - -15) + 2 + -36 - -9?
-17
Calculate (-13 - (-23 + -1)) + -18.
-7
What is the value of -4 + (-8 - ((8 - (5 + -6)) + 16))?
-37
1 + -12 - (-45 - 20 - (-13 + -12))
29
(-6 - -4) + -1 + -9 - -3
-9
Calculate 10 + -1 + -4 + (22 - (6 - -6)).
15
Calculate (1 - -2) + (-36 - -6) + 6.
-21
What is 4 + 2 + 7 + -16?
-3
Evaluate -49 + 61 + (3 - 2 - 1).
12
Calculate -16 + 9 + -9 - -8.
-8
Evaluate -18 - (-10 + (-3 - (10 + -20))).
-15
Evaluate -36 - (-16 - (4 - 10)) - -9.
-17
What is the value of -2 - -2 - 5 - ((-72 - -107) + -65)?
25
What is 1 + 10 + (8 - 14) + -28?
-23
(15 - -13 - 10) + -24
-6
Evaluate -33 - (-7 + -8 - -15).
-33
Evaluate 4 + -8 + 5 + -1 - (-3 + 0).
3
What is the value of (34 - 13) + 0 + -12?
9
What is the value of (-16 - 0 - (-327 - -311)) + 3 + 1?
4
What is the value of -4 + 1 + 5 + 6 + -2 - -8?
14
Evaluate -3 + -8 - (6 + -15) - (1 + 1).
-4
Evaluate 4 + (8 - (1 - -3)).
8
What is 1 - (-9 - (15 + -23))?
2
What is -5 + 7 + (-10 - (-5 - -3))?
-6
What is -23 + 29 + -20 + 9?
-5
What is 9 - (12 + -26 + 10)?
13
Evaluate (3 - -16) + -8 + 10 + -7 + -1.
13
What is 2 + (0 - 0) - (30 + 15 + -31)?
-12
(77 - 87 - (-14 + 0)) + -10
-6
6 - (15 + -7 - 20)
18
-26 + (-26 - (16 + -44))
-24
Calculate (2 - -8 - -5 - -1) + -7.
9
What is -15 + (-17 - -31) - (1 - -7)?
-9
8 + -6 - (-2 - (-9 + 4) - -5)
-6
Calculate 5 + -9 + 14 + 3.
13
What is the value of 0 + 10 + -66 + 58 + 0?
2
Evaluate (-2 - (0 - (2 - 0))) + 0 + -7.
-7
(4 + (-8 - -2) - -15) + -30 + 21
4
10 - (7 + (12 - 4))
-5
Evaluate 1 + 13 - (-9 + 23 + -11).
11
26 + -32 - (-10 + 1)
3
What is 9 + (0 - -1 - (-27 - -33))?
4
-19 + (1 - -1) - -2 - (34 + -39)
-10
What is the value of -17 + (-6 - -17 - -3 - (-1 - -8))?
-10
Calculate -8 + (3 + -9 - -12).
-2
What is the value of (-1 - 18) + -48 + 57 - (-1 - 27)?
18
Evaluate 4 + 3 + (-4 - (-3 - -2) - 16).
-12
What is the value of -15 - (-16 + -14) - 19?
-4
Calculate -13 + -6 + 32 + -35.
-22
Calculate 0 + -1 - (-8 - (6 - 17 - -3)).
-1
Evaluate 17 + -5 - ((-4 - -2) + 1).
13
-15 - 0 - (-42 - -86 - 80)
21
What is the value of 9 - (0 - 0) - (9 + 4 - 16)?
12
What is (13 - 19) + (4 + 1 - 1) + -5?
-7
What is the value of -30 + (26 - 11) - -12?
-3
What is (-3 - 0) + -46 + 23 + 29?
3
27 + -26 - (5 + -1) - (1 + 6)
-10
What is (-19 - -1 - -13) + 9 + (-1 - -2)?
5
-3 + 13 + -6 + (-34 - -37)
7
Evaluate 74 + -80 + 0 + 11 + -5.
0
Evaluate -4 + 5 + 4 + (2 + -5 - 1).
1
2 + 0 + -9 + 87 + -73
7
What is the value of -4 - (14 - 12 - (-9 - -22))?
7
Calculate 4 + 14 - (7 - (-1 - -1)).
11
-5 + (4 - (-5 + 7 - 9 - -11))
-5
4 - 14 - -7 - ((2 - 5) + -3)
3
What is the value of 0 - (14 + (-15 - -26 - 53))?
28
What is the value of (-3 - (-1 - -2)) + (-30 + 7 - -27)?
0
What is the value of -3 + (7 - -9) + (1 - 5)?
9
What is 4 - ((1 - 9) + 1 + -2 + 2)?
11
Evaluate -21 + -33 + 107 + -30.
23
What is the value of (-2 - 10) + 11 + -13?
-14
What is -19 + 0 + 389 + -381?
-11
What is the value of 10 - (5 - (10 + -13))?
2
What is the value of -6 + 6 - 7 - 3?
-10
Calculate (-8 - (-3 + -1)) + -21 + 17.
-8
Calculate 2 + (4 - 10) + 1 - 5.
-8
Evaluate 9 + -4 + 4 + -34 - -7.
-18
14 - (30 + (0 - -1))
-17
39 + -9 - (31 - -1)
-2
What is (6 - (-13 + (5 - -8))) + -6?
0
What is 9 + 0 - (23 - 27 - (14 + -3))?
24
Calculate -33 + 14 + 20 + 5.
6
What is the value of -5 + (-2 - -3) - (8 + -18) - 3?
3
What is (38 - (-11 - -44)) + -5 + -1?
-1
(62 - 64) + 12 + -10 + (1 - -1)
2
What is 49 + -43 + (11 + -12 - (0 - -3))?
2
What is the value of 9 + -1 + 17 - 1?
24
Evaluate -2 + 11 + -6 + 9.
12
Evaluate 3 + -2 - ((-4 - -9) + 7 + -7).
-4
1 - 2 - (-7 - -17)
-11
Evaluate -42 - (-6 + 18 + -42).
-12
0 - 0 - ((-14 - -10) + -4)
8
Evaluate 36 + -29 - (-2 - -27).
-18
What is (26 - (-6 + 55)) + -6?
-29
27 - ((-8 + 5 - -7) + 9 + -8)
22
What is the value of (18 - 12) + (-2 - (-9 - 1) - -3)?
17
Calculate (7 - 0) + (-128 - -138 - (19 - 3)).
1
What is the value of 9 - (-19 - -20 - (3 + -11))?
0
What is 2 + -21 + 1 - (11 + -3 + -9)?
-17
What is (33 - 12) + 19 - 58?
-18
What is (108 - 85) + (-14 - -4)?
13
What is the value of 8 + (-1 - 4 - -3 - (-5 + -2))?
13
What is the value of -24 - (6 - -19) - -31?
-18
Calculate 33 + (-15 - 0) + -4.
14
What is -596 + 609 - (7 - 1)?
7
Evaluate (71 - 79) + 4 + 0 + 24.
20
10 - (0 - 1 - (-255 + 253))
9
What is the value of 27 + (-14 - (-9 + -4)) + (-2 - 7)?
17
(-66 + 71 - (1 - -2)) + 9 + -6
5
Evaluate (7 - (-6 - -2) - 2) + 0 + -7.
2
Calculate -26 + 51 - (1 + 22).
2
Calculate -24 - (2 - 26) - (1 + (0 - 0)).
-1
Evaluate -18 + (2 - 6 - -2 - (-6 - 2)).
-12
Evaluate (-17 - (-11 + 1 - -4)) + 1.
-10
What is (-3 - 5) + (6 - 3) + 7 + -5?
-3
What is (1 - 0) + -11 - (-1398 - -1381)?
7
19 - (9 + -3 - 9) - 8
14
What is the value of (2 - 18) + (-1 + -2 - -2) - -7?
-10
Calculate 21 + -44 + -19 + 27.
-15
Evaluate -4 + (2 + 3 - (3 + -4 + 7)).
-5
What is the value of 9 + (-21 - (-9 + 0)) + 4 - -13?
14
10 - 38 - (-68 - -55)
-15
What is the value of (-23 - -21) + (-12 + -4 - (0 + -1))?
-17
What is 2 - (-10 - -6) - (-1 - -3 - 8)?
12
(20 - 11 - 17 - 1) + 14
5
What is -5 - 1 - -4 - -24 - (38 + -33)?
17
What is -49 + 23 + 20 - (0 - -1)?
-7
Calculate -8 + -1 - (-4 - (2 + 10 + -18)).
-11
What is (21 - 20 - -16) + -32?
-15
Evaluate -27 + (10 - 12) + 31.
2
What is -67 - -70 - (-1 - (2 - 1) - 6)?
11
-15 - (-12 - (-14 - 12 - -8))
-21
What is -23 - (2 + -5 + -9)?
-11
Evaluate 4 - -12 - (3 - -2) - (-1 - -4).
8
What is -8 + 10 + -5 + -14 + 3?
-14
(9 - 0 - 2) + -3 + 8 + -44
-32
-9 + 7 + -6 + 5 + -10 + 17
4
(2 - 5) + 170 + -142
25
36 + -40 + (1 - (11 - 1 - 0))
-13
Calculate -1 + 12 - (23 - (68 + -82)).
-26
Evaluate 7 + (-28 - -3) + (6 - (7 - 0)).
-19
Calculate (-2 + 0 - (4 - 34)) + -7.
21
Evaluate -2 + -2 - (7 + 4 + -10).
-5
What is the value of -287 - -293 - (13 + 1 + -2)?
-6
What is 313 + -315 + -2 + 4 + 1 + 1?
2
What is (-13 + 22 - 8) + 10?
11
What is (0 - 3) + 7 + (-8 - (-4 + -8))?
8
What is (-15 + 10 - 1) + (3 - 10)?
-13
1 + -6 + -119 + 138
14
3 - (-3 - -2 - 0) - -9
13
Evaluate 1 - (25 + -24 + 7).
-7
Calculate 2 + 12 + 4 - 12.
6
-10 + (9 - 11) + 11
-1
What is 0 + -1 + (8 - (11 - (0 + 10)))?
6
What is (-1 - -7) + (-22 - (-8 + -40))?
32
Calculate 1 - (-4 + 3) - -2 - (1624 + -1588).
-32
What is the value of 48 + 40 + -106 - -8?
-10
Evaluate 2 - -3 - 5 - (-9 + 16 - 14).
7
Evaluate 3 + 9 - (6 - (20 + -10)).
16
Calculate (-31 - (13 - 17)) + 1 + 12.
-14
What is -9 - 0 - (-20 - (-4 - 2))?
5
What is -20 + (2 - -9) - -6?
-3
What is the value of 22 - (22 + (-17 - 0))?
17
What is (2 - -6) + 14 + -19?
3
What is (22 - 13) + -22 - (6 - 1)?
-18
7 - (-40 + (95 - 30))
-18
Calculate (-1 - -3) + 13 + -16.
-1
What is the value of (3 - 7 - (9 + -48)) + (-42 - -35)?
28
What is the value of -1 + (-8 - 7) - -8 - 7?
-15
Calculate 4 + (-3 + 4 + 12 + -10 - 12).
-5
What is the value of 227 + -250 - (-1 - 29)?
7
(-11 - -1) + 19 + -32 + 12
-11
Evaluate 75 + -112 - (7 + -6 - 12).
-26
Calculate (-13 - (7 + -18) - (-14 - -2)) + 11.
21
What is the value of (1 - (-2 - (0 + -8))) + -47 + 48?
-4
What is -223 - -228 - (1 - 3 - (-5 - 18))?
-16
Evaluate 2 + -24 + (-5 - (-10 - 5)).
-12
Calculate -2 + -27 + (171 - 158).
-16
(31 - 60) + 44 - 1
14
What is -1 + 4 + 16 + -12 + (-3 - 3)?
1
Evaluate 1 + -9 - (-48 - -29).
11
Calculate -27 + 10 + -15 - -2.
-30
What is the value of 9 + 2 + 7 + (-13 - -2) + 1?
8
Calculate (-18 - -9) + (2 - (-10 - -5)).
-2
Evaluate -4 + -1 - (-17 + 42 + -20).
-10
5 - (-4 + (8 + -5 + 1 - 5))
10
What is 9 - (-8 + (15 - 7) + 14)?
-5
-20 + (18 - (2 + -8))
4
What is 2 - ((-1 - -18) + (-25 - -27 - 4))?
-13
What is 0 - (-92 + 90 - (1 + 1))?
4
What is the value of 4 + 0 - ((17 + -31 - -15) + 8)?
-5
Calculate 76 - (64 + (25 - 49)).
36
(-10 - (10 - 11)) + -5 + -1
-15
Evaluate (-18 - -12) + -5 + 5.
-6
Evaluate (8 - 4) + -4 + -1.
-1
What is -58 + 97 + -62 - (0 + 2 + 2)?
-27
What is th